 be o(31). Let r(i) = 409*i**2 - i. Let z be r(-1). Is (z - 1)*(-7 + x - -3) a prime number?
True
Let i = -113 + 112. Let x be 15*(-6)/(-18)*(0 - i). Suppose -2*j - 14865 = -x*j + 4*r, -4*r + 19820 = 4*j. Is j a prime number?
False
Suppose 3 = 3*m, -2*f - m + 750 = -f. Suppose -4*u + 1135 + f = 0. Is u a composite number?
True
Is ((-20)/(-25))/((-14)/(-35)) + 61007 + -8 a prime number?
True
Is (-2)/((-198)/90338215) + (-2)/9 composite?
True
Suppose -44*q - 27073 = -3*r - 46*q, 0 = -r + 2*q + 9003. Is r a prime number?
False
Suppose -z + 3 = 0, -2*z - 6 = 9*s - 6*s. Is (-251)/s*(14 + -10) a prime number?
True
Suppose 0 = 76*u - 56*u - 722660. Is u composite?
True
Let k be ((-20)/15 - 8/12) + -3. Is 3*2*17213/(-70)*k a composite number?
True
Is 11/(484/12881)*92 composite?
True
Let u = -355 - -355. Suppose 3*h - 17*x + 15*x - 2209 = u, 2*h = 2*x + 1472. Is h prime?
False
Let u(b) = 47*b - 79*b - 92*b - 33*b - 13*b + 13. Suppose -4*y - 12 = -4. Is u(y) a prime number?
True
Let a(o) = -1 - 28 - 193*o + 0 - 42. Is a(-28) prime?
True
Suppose -5*s - 60 = -10*s. Suppose 0 = -10*a - s - 8. Let g(l) = -457*l**3 - 3*l**2 - 5*l - 7. Is g(a) a prime number?
False
Let d = -44009 + 75130. Is d composite?
False
Suppose -3*z + 1410 + 4638 = 0. Let a = z - 481. Is a a prime number?
False
Suppose 4*a = 1 + 7. Suppose q + a*q = 213. Suppose q*i - 740 = 67*i. Is i prime?
False
Is 134112/(-128)*(-4)/3 prime?
False
Suppose -9*s - 1441 = -8*s. Let g = s + 3600. Is g a prime number?
False
Suppose 4*h - 7 - 1 = 0. Suppose c - h*l - 4 = -0, 3*l = 4*c - 1. Is (8/(-12))/(c/(-2019)*-1) prime?
True
Suppose 2*c - 3*s + 676 = 0, -3*c + 2*s - 1320 = -306. Let v = c - -1675. Is v composite?
True
Let q(k) = -2094*k - 259. Suppose -297 = 38*h - 5*h. Is q(h) a prime number?
True
Let t be (2778/(-3) - 4) + (-20)/(-10). Let k = t + 1881. Is k a composite number?
False
Let r be (24/(-7))/(-3 + 428/140). Is 10/(-2)*6324/r composite?
True
Suppose -1131840 = 10*o - 4623550. Is o composite?
False
Let q(r) = -125350*r + 455. Is q(-5) composite?
True
Let l(a) = -441*a + 17 + 18 + a**2 + 149*a + 147*a + 141*a. Is l(-6) a prime number?
False
Suppose 0 = 5*s + q - 22, -4*q = 5*s - s - 24. Suppose 17*b = 20*b + 4*a - 47321, 0 = 4*b + s*a - 63088. Is b a prime number?
True
Is 79467 - (-13)/(143/(-176)) a prime number?
True
Let s = 49 - 42. Suppose 5*t - 8 = s*t. Is t - 0 - (-25 - 4) a prime number?
False
Let v(a) be the first derivative of a**4/4 + 20*a**3/3 - 4*a**2 - 3*a - 4. Suppose 32*w + 60 = 29*w. Is v(w) a prime number?
True
Let l(r) = 55*r + 70. Let g be l(19). Suppose -12190 = -5*d - 5*a, g = -2*d - a + 5994. Is d a composite number?
False
Let i(c) be the second derivative of c**5/2 + c**4/4 + c**3/6 - 11*c**2/2 - 15*c. Let j(q) = -q + 21. Let a be j(16). Is i(a) composite?
False
Let r(n) = -21*n**2 - n + 25. Let c(b) = -62*b**2 - 3*b + 75. Let o = 22 + -26. Let d(q) = o*c(q) + 11*r(q). Is d(7) prime?
False
Let w = 164263 + 108388. Is w a prime number?
True
Let u = -27233 + 47482. Is u prime?
True
Suppose -60*w - 24 = -64*w. Let t = -6304 - -2502. Is (t/4)/((-3)/w) composite?
False
Let o be (-316365)/(-126) - (-2)/12. Let n = o - 1073. Is n prime?
False
Is ((-73)/(-876))/(2/(-12))*-284362 composite?
True
Suppose -4*f + 4 = -8*f. Let t(s) = -398*s**3 + 2*s**2 + s. Let n be t(f). Let q = n + 580. Is q prime?
False
Is (3*2/42 - (-40)/(-35))*-179897 prime?
True
Suppose 10*o - 2039696 = -20*o + 14*o. Is o prime?
True
Suppose 0 = -45*n + 38*n + 1635977. Is n a composite number?
True
Let u(z) = 257*z**2 + 5*z - 1. Suppose 5*w - 2*w - 12 = 0. Suppose w*m = 9 + 11. Is u(m) composite?
False
Suppose -3*d + 1191715 = -i - 1087537, 0 = 2*d + i - 1519503. Is d a prime number?
False
Let f = 7094 + 3041. Suppose 28*b = 23*b + f. Is b prime?
True
Is 2/(-9) + (10 + 1 - (-17502)/27) prime?
True
Let j = 97581 - -145280. Is j a prime number?
False
Suppose -376*g + 195540471 = -269344049. Is g prime?
False
Let h be 24*22*146/(-48)*-3. Let s = -2665 + h. Is s prime?
True
Let w = -1411 + 1961. Let h = -1053 + 680. Let g = h + w. Is g a composite number?
True
Is (-4096377)/(-7) + (2/(-4) - 264/(-336)) composite?
True
Let i be 1/(-6)*2 - 96/(-18). Suppose -f = i*n - 8006, 2*f = -f - n + 23948. Is f a composite number?
True
Let b = 61 - 41. Let v(j) = 4*j**2 + 14*j - 49. Is v(b) prime?
True
Suppose 0 = -102*x + 1700839 - 242599 + 2257926. Is x a prime number?
True
Is 2 + 2 + (6/(-10))/(48/(-3835760)) composite?
False
Let l be 1 + 1/(-2) + 1/(-2). Let z be 2/(-6) + (l - (-48)/9). Suppose -2*h + 67 + 81 = -z*d, -5*h - 5*d = -370. Is h a composite number?
True
Let k(y) = 118*y**2 - 4*y - 28. Is k(11) a prime number?
False
Let p(u) = u**3 + 5*u**2 - 10*u - 21. Let v be 42/(-9) + (-8)/6. Let y be p(v). Suppose 3*h + z = -2*h + 486, 0 = y*h - 5*z - 286. Is h a composite number?
False
Let v = 635 + -6262. Suppose 2*j + 11688 = -3*c, c + 2*j = 19 - 3919. Let h = c - v. Is h a prime number?
True
Suppose -21*f + 4 = -25*f. Let x(l) = -l - 1. Let r be x(f). Suppose 3*m - 5 - 4 = r, -y + 4*m = -211. Is y composite?
False
Let c(p) = 3*p**2 + 5*p - 26. Let n be (-4)/(-10) + 215/25. Let l be c(n). Is 2 - l/(-2 - 0) prime?
False
Let l be -1741 - -4*15/20. Let i = l - -3015. Is i composite?
False
Let f = 12348 + -6739. Is f*(2 - (2 + -1)) composite?
True
Suppose -20*c + 694 + 946 = 0. Suppose 3*w = c + 29. Is w prime?
True
Let k(p) be the first derivative of 3*p**4 - 5*p**3/3 + 5*p**2/2 - 16*p + 38. Is k(6) composite?
True
Suppose -3*c - c = 5*z - 243717, z = -c + 60931. Is c a composite number?
True
Suppose 96*y + a + 1493010 = 101*y, 2*a - 1194422 = -4*y. Is y composite?
True
Let a(j) = -j**3 - 68*j**2 + 111*j - 155. Is a(-74) a prime number?
False
Suppose -331707 = 32*r + 1001157. Let s = 71345 + r. Is s composite?
True
Is 45996/15*5*(-3)/(-6) prime?
False
Let r = -527549 - -755586. Is r composite?
True
Let x(c) be the first derivative of 5*c**3/6 + 10*c**2 + c - 16. Let a(i) be the first derivative of x(i). Is a(19) a prime number?
False
Suppose -304369 = -15855*h + 15842*h. Is h prime?
False
Is (-2 - 33401)/(7*(-16)/112) a composite number?
False
Let i = 5626 - 1530. Is i - -2*(15/10 + -4) prime?
True
Let p(s) = -111*s**2 - 120*s**2 + 237*s**2 + 21*s - 3*s**3 + 11. Is p(-8) composite?
True
Is (-7470525)/225*(-6 - -3) a composite number?
False
Is 4 + (-281846 - (0 - 5))*(-2 - -1) prime?
False
Suppose 78*r - 7*r + 1216942 = 8285063. Is r a composite number?
False
Suppose -2*u = w - 420892, u + w + 420904 = 3*u. Is u a prime number?
False
Let p(o) = 4522*o - 51. Is p(4) prime?
False
Let z = -15 - -41. Is 3797 - (z + 2)/7 a composite number?
False
Suppose 2*n + 889 = -147. Let p = n + 2689. Is p composite?
True
Let d(s) = s**2 + 6*s + 13. Let a be d(-4). Suppose 6*b - 3*b + 60367 = 2*w, a*b = -w + 30190. Is w composite?
True
Suppose 21*m - 8817 - 1237176 = 0. Is m a composite number?
False
Is (17113596/(-20))/((-33)/55) prime?
False
Suppose 0 = -3*y + 2*b - 388, -2*y + 5*b - 139 - 138 = 0. Is (-28)/y - 12571/(-9) prime?
False
Let i(v) = -459*v + 18. Let s(c) = -c + 13. Let d be s(10). Let x be i(d). Let g = 272 - x. Is g a prime number?
False
Let a(d) = d**3 + 84*d**2 + 6*d - 27. Is a(-65) a composite number?
True
Let g = 408430 - 222011. Is g prime?
True
Let q = 320 - 326. Is ((-4)/q)/(7/114282*12) composite?
False
Suppose 12 = 4*q, -2*x = 2*q + 28 + 30. Let i = x - -36. Is ((-2)/i)/(1/(-186)) a prime number?
False
Let r(o) = 6540*o - 2491. Is r(25) a prime number?
True
Let t(o) = 45070*o - 11595. Is t(185) a composite number?
True
Let d(c) = 5062*c - 161. Is d(7) a prime number?
False
Let h be (-2)/(1 + -3 + (-18)/(-10)). Let i be ((-24)/h)/((-12)/30). Suppose 141 - 903 = -i*w. Is w composite?
False
Is 768065/40 + (-21)/(-56) prime?
False
Suppose -i = h - 3*i - 188091, -8*h - i = -1504745. Is h a prime number?
False
Suppose 4*q = -q - 5*j + 95, 5*q + j = 99. Suppose q*o = o + 7201. Is o prime?
True
Let y(n) = 2*n**2 + 18*n + 11. Let q be y(-18). Let r = q - 750. Let m = r - -864. Is m composite?
False
Suppose -3*f = -5*j - 4*f + 17, 5*j = -4*f + 8. Is 8/(-6)*6/j + 14973 a composite number?
True
Suppose -x - 5*g + 127278 = 986, -4*g + 378799 = 3*x. Is x composite?
False
Is 2/((-4613004)/659004 - -7) a prime number?
True
L